se 47*z - p*z - 176 = 0. What is the tens digit of z?
8
Suppose 2*k = 8*k - 42. Suppose -4*q + 1040 = -3*m, -2*q + k*q + 5*m - 1265 = 0. What is the hundreds digit of q?
2
Suppose 0 = 8*x + 5*x - 4966. Let u = x + -35. What is the units digit of u?
7
Suppose 58267 = s - 5*z, -116542 = -13*s + 11*s + 2*z. What is the thousands digit of s?
8
Suppose 11*i + 980 = 7*i. Let f = -94 - i. What is the tens digit of f?
5
Suppose -5*s - t = -2*s - 10, 0 = -t - 2. Suppose -3*x = 5*q - 18, s*x + 13 = 4*q + 5. Suppose -q*p = -p - 68. What is the tens digit of p?
3
Suppose -586*d = -580*d - 258. Suppose 0 - 248 = 2*b. Let l = d - b. What is the units digit of l?
7
Let j = -20 - -26. Suppose -10 = o + 4*o, 2*r = -o + j. What is the tens digit of ((-948)/(-24))/(2/r)?
7
Suppose -4 = -2*h + 4, 5*h = -2*x - 104. Let l = 68 + x. Suppose l*f - 11*f = -305. What is the tens digit of f?
6
Let z = -141 + 146. Suppose -2*y - 5*b + 256 = 0, z*y = -3*b + 7*b + 574. What is the units digit of y?
8
Suppose 2*h + 21*i = 17*i + 25262, -4*h + 50559 = i. What is the ten thousands digit of h?
1
What is the thousands digit of 15 + 8231 + 9 + -8?
8
Let f = 115357 - 78981. What is the tens digit of f?
7
Let a(i) be the second derivative of 5*i**3/6 - 3*i**2 - 27*i. Let d be 3 + 1 - 0/(-17). What is the units digit of a(d)?
4
Suppose -4*m - 205 = -3*i - 2*m, -4*i = 2*m - 250. Let p = 530 - i. What is the tens digit of p?
6
Suppose 402 = 5*b - i, -b - 4*i + 38 = -55. Suppose 90*x - b*x = 2322. What is the hundreds digit of x?
2
Let l(q) = -4*q + 43. Let h be l(8). Suppose 16*i = h*i + 2370. What is the tens digit of i?
7
What is the hundreds digit of ((-9)/(-60))/((-32)/480)*-5680?
7
Let o = 51 + -49. Let k be 2 - ((-3)/(-6))/(o/(-4)). Suppose 0 = 5*l - 5 - 5, 4*r - 510 = -k*l. What is the tens digit of r?
2
Let s(r) = 89094*r**3 + 11*r**2 - 8*r + 3. What is the tens digit of s(1)?
0
Let p = 1413 + -2389. Let s = 1818 + p. What is the units digit of s?
2
What is the units digit of 138/(-276)*(9/27 + 205670/(-6))?
9
Let u be (-3)/6 - (-45)/18. Let p(q) = -4*q**u + 4*q**2 - 9 + 5*q + 2*q**2 - 1. What is the tens digit of p(-6)?
3
Let t(i) = -10*i - 91. Let g be t(0). Let f = g - -55. What is the tens digit of (f/(-15) + -2)/(3/1455)?
9
Suppose -16*o = -10*o. Suppose 6*g - 7*g + 4 = o. Suppose -3*c = v - 99, g*c + 111 = v + c. What is the hundreds digit of v?
1
Let b = 304 + -287. Suppose 6650 - 1210 = b*x. What is the tens digit of x?
2
Let s(i) = 1078*i - 6. Let o(y) = -32*y + 161. Let r be o(5). What is the hundreds digit of s(r)?
0
Suppose 10 = 5*k - 2*o, 11*o = k + 14*o - 2. Suppose -30*w + 3799 = -27*w - k*s, 1267 = w - s. What is the units digit of w?
5
Let f(t) be the first derivative of 19*t**2/2 - 62*t + 251. What is the hundreds digit of f(20)?
3
Let i = 47924 + -31011. What is the tens digit of i?
1
Suppose -j - 61 = -0*p - 2*p, -3*j - 4*p = 183. Let t = -3156 - -3175. Let b = t - j. What is the units digit of b?
0
What is the tens digit of (1264130/105 + -51)/((-5)/(-6))?
8
Let c(d) = 2885*d**2 - 113*d + 304. What is the units digit of c(5)?
4
Let t be (740/14)/(20/420). Suppose -u = o - t, 4*u + 533 = -2*o + 4965. What is the hundreds digit of u?
1
Let i(v) = 5*v**2 + 2*v - 44. Let q be i(8). Let l = 479 - q. What is the hundreds digit of l?
1
Suppose -2*z - z - 18 = -3*b, 0 = b - 2*z - 8. Suppose 0 = 4*n + 3*w - 655, 4*n - n - 486 = -b*w. What is the tens digit of n?
6
Suppose -2*l - 27 = 3. Let x(j) = 3*j + 48. Let k be x(l). Suppose 0*s = s - 4, 370 = k*h - 2*s. What is the hundreds digit of h?
1
Let p(k) = -22*k + 13. Let l be p(-2). Let i = 87 + l. What is the units digit of ((i/15)/(-3))/((-6)/165)?
8
Suppose -2*h + 4*x + 184 = -0*h, h - 4*x = 96. What is the tens digit of (10/(-3))/((h/3201)/(-8))?
7
Let l = 96178 - 54753. What is the hundreds digit of l?
4
Suppose -47 = -5*o - 37. Suppose 5*h = -o*n + 636 + 342, 4*h - 4*n = 760. What is the tens digit of h?
9
Let f(j) = -3847*j + 15. What is the ten thousands digit of f(-5)?
1
Suppose -24026 = -w + 8*u, -16 + 31 = -3*u. What is the ten thousands digit of w?
2
Suppose -6241 - 2909 = -10*c - 5*c. What is the tens digit of c?
1
Suppose 0 = -3*y - 2*y + 10, 2*x + 4*y = 58. Suppose 5*p - x = 0, m - 2*p = -26 + 661. What is the units digit of m?
5
Let p(t) = 8*t**2 + 2*t - 4. Let w = -22 - -19. Let q be p(w). Suppose -m = -q - 89. What is the units digit of m?
1
Let h = -288 + 290. What is the tens digit of (-105)/21 + (-1 + h)*659?
5
Let c = 17 - -906. What is the tens digit of c?
2
Let d = 155 - 83. Suppose 71*k - d*k = -2. What is the hundreds digit of 418/4 + ((-1)/k)/1?
1
Suppose -15 = -5*r, -6*i = -i + 3*r - 54. Suppose 65*o - 62*o = -i. Let y(m) = -4*m**3 + 8*m + 7. What is the units digit of y(o)?
1
Let n be -1*(-2 + 73) - -1. Let b = n - -72. Suppose -2*z - 1 = 3, -538 = -3*p + b*z. What is the tens digit of p?
7
Suppose -2*m - 4*c = -28, -4*c = 2*m - 9*c + 8. Let w(n) = 33*n + 32. Let y be w(m). Suppose -330 = -4*x + y. What is the tens digit of x?
4
Let q(s) = s + 18. Let x be q(-8). Suppose 0 = 3*p - 5*c + x, -5*c + 1 = 5*p - 9. Suppose 20 = -p*n + n. What is the tens digit of n?
2
Suppose 0 = -v - 33 + 22. Let m = v - -564. What is the hundreds digit of m?
5
Let h(c) = 3*c - 2. Let t be h(20). Let m = -55 + t. Suppose 8*f - 80 = m*f. What is the units digit of f?
6
Let c be 7 + (-3)/6*3*-2. Suppose 17*n - c = 19*n. Let f(r) = -25*r + 1. What is the units digit of f(n)?
6
Let u(v) = -2*v - 34. Let i be u(-18). Let w = 1155 - 751. Suppose -3*b = 5*f - 4*b - w, i*f = 2*b + 168. What is the tens digit of f?
8
Let d = 33 - 28. Suppose 4 = g - 3*x + d*x, 3*g = -2*x + 12. Suppose -g*m + 22 = -14. What is the units digit of m?
9
Let t = -920 + 7856. What is the hundreds digit of t?
9
Let p = -375 + 6166. What is the tens digit of p?
9
Let t(o) = 2*o**2 + 10*o - 11. Suppose 0 = -15*c + 18*c - 18. Let n be t(c). Suppose 4*u = n + 3. What is the tens digit of u?
3
What is the tens digit of (2988 - -49) + -3*2?
3
Let j = -24 + 22. Let w(a) = 53*a**2 + 9*a + 10. Let l be w(j). Suppose 0 = -k - 3, 2*p - 165 = -5*k + l. What is the hundreds digit of p?
1
Let i(m) = -m - 5. Let w be i(-7). Suppose -4*l - a = 22, l + 1 = 3*a - a. What is the units digit of (l - 29)*(-3)/w?
1
Let d = -54 + 22. Let i(t) = -10*t + 187. What is the units digit of i(d)?
7
Let g = 15154 + -10409. What is the hundreds digit of g?
7
Suppose 540584 = 110*x - 1634527 - 135769. What is the hundreds digit of x?
0
Let b = 163 + 188. Suppose -s - b = -551. What is the tens digit of s?
0
Suppose 48*b - 29*b = 171. Suppose 3451 = b*z - 5828. What is the hundreds digit of z?
0
What is the tens digit of (11/(-44))/((-5)/140) + 52652?
5
Let d(q) = -16*q + 130. Let b be d(8). Suppose b*i - o + 1264 = 7*i, -2*i + o + 507 = 0. What is the hundreds digit of i?
2
Let h(q) = q + 56. Let l be h(-6). Suppose l*s - 12 = 47*s. Suppose 276 = s*x - 164. What is the units digit of x?
0
Suppose -3*y = 3*t - 6*y + 276, 0 = -t - 2*y - 80. Suppose 3*q = q - 328. Let w = t - q. What is the tens digit of w?
7
Let h(q) = -2*q**2 + 3*q - 6. Let l be h(6). Let u = -56 - l. Suppose 2*c - 150 = -u*o + 44, -2*c + 176 = -5*o. What is the tens digit of c?
9
Let q be 13/((-1)/(-1)) - (5 + -5). Suppose 0 = -q*m + 16*m - 48. Suppose -m = -3*a + 218. What is the units digit of a?
8
Let y = 57 - 45. Let b = y + 334. Let g = -228 + b. What is the hundreds digit of g?
1
Suppose 5*b - 7 = -4*a, 5*b = 4*a - 18 + 1. Suppose a*s = -4*j + 520, -s + 4*j + 56 = -144. What is the tens digit of s?
8
Let y = 52 - 50. Let o be y/(-5) + (-5)/((-50)/24). Suppose 20 = o*a - 10. What is the units digit of a?
5
Suppose -4*d - 7839 - 194683 = -5*z, 5*z + 2*d = 202564. What is the hundreds digit of z?
5
Let y(h) = -5*h + 140. Let d be y(27). Suppose 6*z - d*z = 340. What is the units digit of z?
0
Let d(u) = 808*u + 16. Let i be d(4). Suppose 10*y = 17*y - i. What is the tens digit of y?
6
Let a = -19539 - -43839. What is the hundreds digit of a?
3
Let o be 35*9/225 + (-6)/15. Let a(q) = 1009*q - 3. What is the units digit of a(o)?
6
Suppose 53 = 2*k + 3*b, -4*b - 6 = -5*k + 92. Suppose 3672 = k*z - 860. What is the units digit of z?
6
Let f(q) = q**3 - 5*q**2 - 14*q + 23. Let c be f(7). Let s = c + -19